2) to base 5
242
Convert 42 (base 8) to base 2.
100010
What is -2 (base 13) in base 4?
-2
What is 66 (base 13) in base 3?
10010
-194 (base 13) to base 5
-2130
What is 21 (base 3) in base 9?
7
7 (base 12) to base 7
10
What is -4 (base 13) in base 3?
-11
Convert 26 (base 10) to base 13.
20
Convert 89 (base 11) to base 5.
342
28 (base 11) to base 7
42
What is -11 (base 8) in base 12?
-9
What is 140 (base 9) in base 3?
11100
0 (base 12) to base 5
0
51 (base 13) to base 9
73
Convert 224 (base 7) to base 8.
164
Convert 11 (base 2) to base 6.
3
What is 111 (base 2) in base 3?
21
What is 16 (base 7) in base 8?
15
-11 (base 13) to base 4
-32
Convert -101 (base 2) to base 11.
-5
Convert 502 (base 6) to base 14.
d0
112 (base 3) to base 9
15
Convert 0 (base 3) to base 13.
0
Convert -4 (base 7) to base 15.
-4
What is -6 (base 14) in base 8?
-6
What is 59 (base 14) in base 3?
2221
-3 (base 16) to base 4
-3
Convert -3 (base 16) to base 14.
-3
8 (base 16) to base 2
1000
105 (base 7) to base 13
42
What is 23 (base 12) in base 9?
30
Convert 1 (base 3) to base 8.
1
Convert -42 (base 13) to base 10.
-54
What is 3 (base 5) in base 14?
3
What is -212 (base 4) in base 6?
-102
Convert -201 (base 3) to base 16.
-13
-1 (base 7) to base 12
-1
Convert 5c (base 16) to base 15.
62
Convert -3 (base 5) to base 4.
-3
0 (base 14) to base 11
0
Convert -1 (base 12) to base 14.
-1
What is 66 (base 9) in base 16?
3c
What is 202 (base 4) in base 16?
22
What is 4 (base 16) in base 13?
4
What is -1110 (base 2) in base 13?
-11
-15 (base 11) to base 16
-10
What is 3 (base 8) in base 11?
3
-15 (base 13) to base 5
-33
What is -33 (base 13) in base 7?
-60
What is -80 (base 10) in base 2?
-1010000
What is -1 (base 16) in base 10?
-1
Convert 9b (base 16) to base 3.
12202
What is -13 (base 7) in base 15?
-a
-6 (base 10) to base 12
-6
-31 (base 6) to base 9
-21
0 (base 10) to base 12
0
-111 (base 12) to base 3
-12211
What is 111 (base 4) in base 11?
1a
Convert 0 (base 12) to base 9.
0
Convert -93 (base 13) to base 8.
-170
Convert 10010 (base 2) to base 4.
102
6 (base 7) to base 11
6
-1 (base 11) to base 13
-1
What is 65 (base 8) in base 11?
49
What is 14 (base 7) in base 16?
b
Convert 1021 (base 3) to base 6.
54
Convert -12 (base 3) to base 6.
-5
-501 (base 6) to base 4
-2311
6 (base 15) to base 2
110
What is -10 (base 15) in base 9?
-16
10 (base 14) to base 12
12
What is 84 (base 12) in base 10?
100
What is 0 (base 4) in base 11?
0
-6 (base 12) to base 16
-6
Convert 0 (base 11) to base 8.
0
-22 (base 6) to base 3
-112
Convert -4 (base 11) to base 8.
-4
What is 27 (base 11) in base 14?
21
13 (base 6) to base 13
9
Convert 15 (base 13) to base 15.
13
-34 (base 13) to base 8
-53
What is -402 (base 6) in base 7?
-266
What is 100 (base 2) in base 15?
4
Convert 2 (base 10) to base 14.
2
66 (base 14) to base 3
10100
What is 80 (base 13) in base 10?
104
What is -1d (base 14) in base 15?
-1c
What is -44 (base 5) in base 7?
-33
What is -227 (base 11) in base 2?
-100001111
What is 3 (base 9) in base 2?
11
What is -2 (base 7) in base 9?
-2
What is 171 (base 16) in base 11?
306
Convert -1 (base 12) to base 16.
-1
163 (base 9) to base 12
b6
32 (base 5) to base 10
17
Convert 21 (base 7) to base 3.
120
1 (base 8) to base 2
1
Convert -1 (base 6) to base 13.
-1
10 (base 3) to base 7
3
Convert 1 (base 7) to base 3.
1
Convert 101 (base 4) to base 3.
122
-3 (base 16) to base 4
-3
Convert -40 (base 8) to base 10.
-32
What is -169 (base 14) in base 8?
-441
Convert -13 (base 6) to base 11.
-9
Convert b (base 15) to base 11.
10
5 (base 13) to base 10
5
What is 5 (base 16) in base 8?
5
What is -4 (base 7) in base 13?
-4
Convert -19 (base 11) to base 9.
-22
0 (base 7) to base 14
0
-109 (base 11) to base 12
-aa
22 (base 5) to base 11
11
What is -52 (base 7) in base 14?
-29
What is -24 (base 6) in base 13?
-13
What is 14 (base 15) in base 12?
17
-4 (base 10) to base 2
-100
What is -41 (base 14) in base 6?
-133
Convert 3321 (base 4) to base 3.
100020
Convert -34 (base 5) to base 11.
-18
2 (base 3) to base 8
2
What is -272 (base 8) in base 6?
-510
-7 (base 16) to base 9
-7
-1 (base 12) to base 2
-1
What is 15 (base 7) in base 5?
22
What is -16 (base 15) in base 11?
-1a
Convert 6 (base 8) to base 6.
10
What is 17 (base 14) in base 10?
21
Convert 18 (base 10) to base 6.
30
What is 121 (base 4) in base 15?
1a
What is -10100110 (base 2) in base 7?
-325
Convert -146 (base 8) to base 2.
-1100110
5a (base 13) to base 15
50
Convert 27 (base 16) to base 4.
213
2011 (base 3) to base 14
42
-11 (base 3) to base 9
-4
What is 9 (base 15) in base 7?
12
35 (base 15) to base 10
50
Convert -40 (base 11) to base 4.
-230
What is 6 (base 14) in base 3?
20
What is -10 (base 3) in base 4?
-3
-11001000 (base 2) to base 4
-3020
14 (base 7) to base 13
b
-162 (base 8) to base 16
-72
What is -113 (base 4) in base 13?
-1a
What is -102 (base 10) in base 14?
-74
12 (base 10) to base 2
1100
What is -10000 (base 2) in base 5?
-31
Convert -2 (base 15) to base 2.
-10
What is -13 (base 9) in base 16?
-c
Convert 1 (base 2) to base 15.
1
-24 (base 11) to base 3
-222
Convert -220 (base 4) to base 11.
-37
2 (base 12) to base 4
2
Convert 3d (base 14) to base 7.
106
Convert 21 (base 3) to base 7.
10
Convert -1 (base 12) to base 16.
-1
What is 10 (base 12) in base 16?
c
What is 10 (base 7) in base 6?
11
Convert -32 (base 4) to base 15.
-e
Convert -12 (base 10) to base 3.
-110
Convert 1031 (base 4) to base 16.
4d
What is 9 (base 12) in base 16?
9
What is -39 (base 12) in base 7?
-63
Convert 9 (base 10) to base 6.
13
What is 14 (base 7) in base 12?
b
79 (base 13) to base 7
202
Convert -6 (base 8) to base 15.
-6
Convert 7 (base 16) to base 4.
13
What is -4 (base 10) in base 2?
-100
7 (base 12) to base 15
7
-1010111 (base 2) to base 16
-57
What is 1111111 (base 2) in base 11?
106
What is 20 (base 3) in base 9?
6
Convert 1 (base 2) to base 5.
1
What is 10 (base 13) in base 7?
16
Convert 442 (base 7) to base 6.
1014
What is 2 (base 10) in base 4?
2
What is -87 (base 13) in base 2?
-1101111
Convert -23 (base 6) to base 10.
-15
-2222 (base 4) to base 3
-20022
What is -12 (base 5) in base 2?
-111
Convert 1000 (base 2) to base 12.
8
Convert -7 (base 16) to base 2.
-111
What is -11 (base 2) in base 3?
-10
-2 (base 16) to base 12
-2
What is 31 (base 11) in base 7?
46
What is -6 (base 10) in base 6?
-10
Convert 3 (base 10) to base 15.
3
What is -3 (base 4) in base 14?
-3
Convert 8 (base 9) to base 8.
10
Convert -130 (base 5) to base 4.
-220
Convert -140 (base 10) to base 14.
-a0
-11 (base 3) to base 6
-4
Convert -ac (base 13) to base 16.
-8e
Convert 22 (base 10) to base 7.
31
Convert -2 (base 12) to base 8.
-2
Convert 1 (base 15) to base 14.
1
Convert 21 (base 8) to base 15.
12
Convert -78 (base 11) to base 10.
-85
What is 1 (base 2) in base 9?
1
-4 (base 7) to base 6
-4
Convert -1 (base 8) to base 14.
-1
8 (base 11) to base 15
8
Convert -26 (base 12) to base 5.
-110
What is 2 (base 9) in base 13?
2
Convert -100111 (base 2) to base 4.
-213
13 (base 7) to base 15
a
What is -2 (base 15) in base 14?
-2
What is 0 (base 9) in base 2?
0
Convert -10 (base 5) to base 7.
-5
What is -46 (base 8) in base 12?
-32
-1 (base 11) to base 14
-1
What is -28 (base 12) in base 4?
-200
Convert -1 (base 7) to base 12.
-1
What is -300 (base 5) in base 16?
-4b
What is 10101 (base 2) in base 14?
17
107 (base 12) to base 16
97
What is 21 (base 4) in base 6?
13
What is -1b (base 14) in base 4?
-121
What is -4 (base 11) in base 7?
-4
What is -80 (base 10) in base 12?
-68
Convert 3 (base 15) to base 6.
3
What is -76 (base 8) in base 3?
-2022
What is 23 (base 4) in base 11?
10
Convert 66 (base 8) to base 12.
46
What is -5 (base 11) in base 12?
-5
What is 62 (base 12) in base 16?
4a
What is -4 (base 9) in base 5?
-4
Convert 88 (base 11) to base 6.
240
Convert 19 (base 16) to base 9.
27
What is -16 (base 7) in base 15?
-d
-63 (base 14) to base 8
-127
What is 1222 (base 3) in base 11?
49
Convert -c (base 13) to base 16.
-c
What is 50 (base 6) in base 5?
110
What is 1224 (base 5) in base 15?
c9
What is -23 (base 4) in base 9?
-12
Convert -5 (base 6) to base 8.
-5
What is -1100 (base 2) in base 5?
-22
Convert 12 (base 8) to base 7.
13
Convert 432 (base 8) to base 5.
2112
What is -129 (base 13) in base 3?
-2